{"id":49,"date":"2025-05-22T15:54:36","date_gmt":"2025-05-22T13:54:36","guid":{"rendered":"https:\/\/frequen-ciel.com\/?page_id=49"},"modified":"2025-05-22T15:54:36","modified_gmt":"2025-05-22T13:54:36","slug":"soin-des-personnes","status":"publish","type":"page","link":"https:\/\/frequen-ciel.com\/index.php\/soin-des-personnes\/","title":{"rendered":"Soin des personnes"},"content":{"rendered":"\n<div class=\"wp-block-cover alignfull is-light\"><span aria-hidden=\"true\" class=\"wp-block-cover__background has-background-dim-0 has-background-dim\" style=\"background-color:#f3f3f3\"><\/span><div class=\"wp-block-cover__inner-container is-layout-constrained wp-block-cover-is-layout-constrained\">\n<div class=\"wp-block-group alignfull is-layout-constrained wp-container-core-group-is-layout-7cffe988 wp-block-group-is-layout-constrained\" style=\"padding-top:180px;padding-bottom:80px\">\n<div class=\"wp-block-columns alignwide is-layout-flex wp-container-core-columns-is-layout-bad5dd0e wp-block-columns-is-layout-flex\">\n<div class=\"wp-block-column is-layout-flow wp-container-core-column-is-layout-1284340a wp-block-column-is-layout-flow\" style=\"padding-right:10px;padding-left:10px;flex-basis:60%\">\n<div class=\"wp-block-group is-content-justification-left is-layout-constrained wp-container-core-group-is-layout-aaf2b7b1 wp-block-group-is-layout-constrained\" style=\"padding-bottom:10px\">\n<h6 class=\"wp-block-heading has-text-color has-link-color wp-elements-8af2ad19ed6900cefeaccae3b7bc2adb\" style=\"color:#959e95;font-size:0.9rem;font-style:normal;font-weight:500\"><\/h6>\n\n\n\n<h2 class=\"wp-block-heading has-text-color has-link-color has-hedvig-letters-serif-regular-font-family wp-elements-7a54e3144a1e806abf17db4c36b62cd9\" style=\"color:#242925;font-size:2.6rem\">SOINS DES PERSONNES<\/h2>\n\n\n\n<p style=\"margin-top:30px\">Selon les diff\u00e9rents troubles expos\u00e9s par la personne, je suis amen\u00e9 \u00e0 proposer 2 types de soins :<\/p>\n\n\n\n<p>Soin chamanique :<\/p>\n\n\n\n<p>* R\u00e9harmonisation de l&rsquo;\u00eatre, aussi bien dans la mati\u00e8re que dans l&rsquo;\u00e9th\u00e9rique<\/p>\n\n\n\n<p>* R\u00e9alignement de la personne dans son chemin de vie<\/p>\n\n\n\n<p>* Apaisement des conflits entre l&rsquo;\u00eatre incarn\u00e9 et l&rsquo;\u00e2me<\/p>\n\n\n\n<p>* Nettoyage des parasites<\/p>\n\n\n\n<p>Soin li\u00e9 \u00e0 l&rsquo;\u00e9nergie du Temple du Lapis lazuli&nbsp;:<\/p>\n\n\n\n<p>En me reliant \u00e0 un peuple des \u00e9toiles bien particulier, reli\u00e9 lui-m\u00eame au temple du Lapis lazuli, la personne re\u00e7oit un soin sp\u00e9cifique, lib\u00e9rateur, gu\u00e9risseur. Soin puissant, notamment dans la gu\u00e9rison de probl\u00e8mes d&rsquo;ordre organiques, psychologiques, physiques.&nbsp;<\/p>\n\n\n\n<p>Ce sont les grandes lignes ici qui viennent d&rsquo;\u00eatre expos\u00e9es. Il est bien difficile de cataloguer un soin.<\/p>\n\n\n\n<p>Je vous donne en effet quelques exemples de comptes rendus de 2 th\u00e9rapeutes (canalisation) concernant tout d&rsquo;abord le soin chamanique sur certaines personnes :<\/p>\n\n\n\n<p>\u00ab\u00a0tu l&rsquo;as lib\u00e9r\u00e9 d&rsquo;une emprise sur lui, qqch (une \u00e9nergie) qui le manipulait, qui l&#8217;emp\u00eachait d&rsquo;avancer. \u00e7a l&rsquo;a apais\u00e9. Ce soin l&rsquo;a en plus \u00ab&nbsp;r\u00e9ax\u00e9e&nbsp;\u00bb. c&rsquo;est plus l\u00e9ger dans sa t\u00eate. Tu l&rsquo;as lib\u00e9r\u00e9e de certaines choses tr\u00e8s lourdes qu&rsquo;il portait depuis son enfance\u00a0\u00bb<\/p>\n\n\n\n<p>autre personne : \u00ab\u00a0\u00e7a l&rsquo;a lib\u00e9r\u00e9 d&rsquo;un poids au niveau de sa gorge. Il y a eu une lib\u00e9ration g\u00e9n\u00e9rale. Elle ne se sent plus impact\u00e9e par la situation. Elle se sent plus apais\u00e9e. Tu l&rsquo;as bien aid\u00e9, notamment au niveau de sa jambe.\u00a0\u00bb<\/p>\n\n\n\n<p>autre personne : \u00ab\u00a0tu l&rsquo;as apais\u00e9e d&rsquo;un gros poids au niveau du plexus et au niveau du 3\u00e8me oeil et gorge. Tu l&rsquo;as lib\u00e9r\u00e9e d&rsquo;un poids de culpabilit\u00e9 et d&rsquo;un poids de remise en question.<\/p>\n\n\n\n<p>autre personne : \u00ab\u00a0tu l&rsquo;as lib\u00e9r\u00e9e de ses peurs, de son manque de confiance en elle, et de son sentiment de d\u00e9valorisation.<\/p>\n\n\n\n<p>autre personne : \u00ab\u00a0r\u00e9harmonisation, alignement, soulagement de la douleur,&nbsp;<\/p>\n\n\n\n<p>autre personne : \u00ab\u00a0ton soin a permis de faire na\u00eetre chez cette personne des connexions avec les \u00e9l\u00e9mentaux, avec lesquels elle avait beaucoup d&rsquo;affinit\u00e9s dans les vies ant\u00e9rieures. Du coup c&rsquo;est comme si tu l&rsquo;avais mise dans un paradis\u00a0\u00bb.<\/p>\n\n\n\n<p>autre personne : \u00ab\u00a0le soin a fait un travail sur le coeur, la gorge et le plexus solaire. R\u00e9harmonisation. \u00e7a lui a permis d&rsquo;avancer.\u00a0\u00bb<\/p>\n\n\n\n<p>Concernant le soin o\u00f9 je fais appel \u00e0 l&rsquo;\u00e9nergie li\u00e9e au temple du Lapis lazuli :<\/p>\n\n\n\n<p>\u00ab\u00a0\u00e7a a r\u00e9gl\u00e9 le probl\u00e8me du fibrome\u00a0\u00bb<\/p>\n\n\n\n<p>autre personne : \u00ab\u00a0le soin a&nbsp;fait un travail sur sa vitalit\u00e9 et le renforcement de son enveloppe \u00e9nerg\u00e9tique\u00a0\u00bb<\/p>\n\n\n\n<p>autre personne : \u00ab\u00a0l\u00e2cher prise, d\u00e9tachement\u00a0\u00bb<\/p>\n\n\n\n<p style=\"margin-top:30px\">autre personne : \u00ab\u00a0d\u00e9senflammation de la douleur. La grosseur serait rest\u00e9e plusieurs jours si tu n&rsquo;\u00e9tais pas intervenu\u00a0\u00bb.<\/p>\n<\/div>\n<\/div>\n\n\n\n<div class=\"wp-block-column is-layout-flow wp-block-column-is-layout-flow\" style=\"padding-right:10px;padding-left:10px;flex-basis:40%\">\n<figure class=\"wp-block-image size-full has-custom-border\"><img loading=\"lazy\" decoding=\"async\" width=\"1707\" height=\"2560\" src=\"https:\/\/frequen-ciel.com\/wp-content\/uploads\/2025\/05\/long-truong-_ETohnW9Ock-unsplash-scaled.jpg\" alt=\"\" class=\"wp-image-50\" style=\"border-radius:16px\" srcset=\"https:\/\/frequen-ciel.com\/wp-content\/uploads\/2025\/05\/long-truong-_ETohnW9Ock-unsplash-scaled.jpg 1707w, https:\/\/frequen-ciel.com\/wp-content\/uploads\/2025\/05\/long-truong-_ETohnW9Ock-unsplash-200x300.jpg 200w, https:\/\/frequen-ciel.com\/wp-content\/uploads\/2025\/05\/long-truong-_ETohnW9Ock-unsplash-683x1024.jpg 683w, https:\/\/frequen-ciel.com\/wp-content\/uploads\/2025\/05\/long-truong-_ETohnW9Ock-unsplash-768x1152.jpg 768w, https:\/\/frequen-ciel.com\/wp-content\/uploads\/2025\/05\/long-truong-_ETohnW9Ock-unsplash-1024x1536.jpg 1024w, https:\/\/frequen-ciel.com\/wp-content\/uploads\/2025\/05\/long-truong-_ETohnW9Ock-unsplash-1365x2048.jpg 1365w\" sizes=\"auto, (max-width: 1707px) 100vw, 1707px\" \/><\/figure>\n\n\n\n<figure class=\"wp-block-image size-full has-custom-border\"><img loading=\"lazy\" decoding=\"async\" width=\"1920\" height=\"1280\" src=\"https:\/\/frequen-ciel.com\/wp-content\/uploads\/2025\/05\/reed-geiger-VHKAjHtRWLk-unsplash.jpg\" alt=\"\" class=\"wp-image-51\" style=\"border-radius:16px\" srcset=\"https:\/\/frequen-ciel.com\/wp-content\/uploads\/2025\/05\/reed-geiger-VHKAjHtRWLk-unsplash.jpg 1920w, https:\/\/frequen-ciel.com\/wp-content\/uploads\/2025\/05\/reed-geiger-VHKAjHtRWLk-unsplash-300x200.jpg 300w, https:\/\/frequen-ciel.com\/wp-content\/uploads\/2025\/05\/reed-geiger-VHKAjHtRWLk-unsplash-1024x683.jpg 1024w, https:\/\/frequen-ciel.com\/wp-content\/uploads\/2025\/05\/reed-geiger-VHKAjHtRWLk-unsplash-768x512.jpg 768w, https:\/\/frequen-ciel.com\/wp-content\/uploads\/2025\/05\/reed-geiger-VHKAjHtRWLk-unsplash-1536x1024.jpg 1536w\" sizes=\"auto, (max-width: 1920px) 100vw, 1920px\" \/><\/figure>\n\n\n\n<figure class=\"wp-block-image size-full has-custom-border\"><img loading=\"lazy\" decoding=\"async\" width=\"1707\" height=\"2560\" src=\"https:\/\/frequen-ciel.com\/wp-content\/uploads\/2025\/05\/martin-marek-AWtQ89grA80-unsplash-scaled.jpg\" alt=\"\" class=\"wp-image-52\" style=\"border-radius:16px\" srcset=\"https:\/\/frequen-ciel.com\/wp-content\/uploads\/2025\/05\/martin-marek-AWtQ89grA80-unsplash-scaled.jpg 1707w, https:\/\/frequen-ciel.com\/wp-content\/uploads\/2025\/05\/martin-marek-AWtQ89grA80-unsplash-200x300.jpg 200w, https:\/\/frequen-ciel.com\/wp-content\/uploads\/2025\/05\/martin-marek-AWtQ89grA80-unsplash-683x1024.jpg 683w, https:\/\/frequen-ciel.com\/wp-content\/uploads\/2025\/05\/martin-marek-AWtQ89grA80-unsplash-768x1152.jpg 768w, https:\/\/frequen-ciel.com\/wp-content\/uploads\/2025\/05\/martin-marek-AWtQ89grA80-unsplash-1024x1536.jpg 1024w, https:\/\/frequen-ciel.com\/wp-content\/uploads\/2025\/05\/martin-marek-AWtQ89grA80-unsplash-1365x2048.jpg 1365w\" sizes=\"auto, (max-width: 1707px) 100vw, 1707px\" \/><\/figure>\n<\/div>\n<\/div>\n<\/div>\n<\/div><\/div>\n\n\n\n<p><\/p>\n","protected":false},"excerpt":{"rendered":"","protected":false},"author":1,"featured_media":0,"parent":0,"menu_order":0,"comment_status":"closed","ping_status":"closed","template":"","meta":{"footnotes":""},"class_list":["post-49","page","type-page","status-publish","hentry"],"_links":{"self":[{"href":"https:\/\/frequen-ciel.com\/index.php\/wp-json\/wp\/v2\/pages\/49","targetHints":{"allow":["GET"]}}],"collection":[{"href":"https:\/\/frequen-ciel.com\/index.php\/wp-json\/wp\/v2\/pages"}],"about":[{"href":"https:\/\/frequen-ciel.com\/index.php\/wp-json\/wp\/v2\/types\/page"}],"author":[{"embeddable":true,"href":"https:\/\/frequen-ciel.com\/index.php\/wp-json\/wp\/v2\/users\/1"}],"replies":[{"embeddable":true,"href":"https:\/\/frequen-ciel.com\/index.php\/wp-json\/wp\/v2\/comments?post=49"}],"version-history":[{"count":1,"href":"https:\/\/frequen-ciel.com\/index.php\/wp-json\/wp\/v2\/pages\/49\/revisions"}],"predecessor-version":[{"id":53,"href":"https:\/\/frequen-ciel.com\/index.php\/wp-json\/wp\/v2\/pages\/49\/revisions\/53"}],"wp:attachment":[{"href":"https:\/\/frequen-ciel.com\/index.php\/wp-json\/wp\/v2\/media?parent=49"}],"curies":[{"name":"wp","href":"https:\/\/api.w.org\/{rel}","templated":true}]}}