{"id":54,"date":"2025-05-22T16:13:53","date_gmt":"2025-05-22T14:13:53","guid":{"rendered":"https:\/\/frequen-ciel.com\/?page_id=54"},"modified":"2025-05-22T16:13:53","modified_gmt":"2025-05-22T14:13:53","slug":"orgonites","status":"publish","type":"page","link":"https:\/\/frequen-ciel.com\/index.php\/orgonites\/","title":{"rendered":"Orgonites"},"content":{"rendered":"\n<div class=\"wp-block-cover alignfull is-light\" style=\"min-height:723px;aspect-ratio:unset;\"><span aria-hidden=\"true\" class=\"wp-block-cover__background has-background-dim-0 has-background-dim\" style=\"background-color:#f3f3f3\"><\/span><div class=\"wp-block-cover__inner-container is-layout-constrained wp-block-cover-is-layout-constrained\">\n<div class=\"wp-block-group alignfull is-layout-constrained wp-container-core-group-is-layout-7cffe988 wp-block-group-is-layout-constrained\" style=\"padding-top:180px;padding-bottom:80px\">\n<div class=\"wp-block-columns alignwide is-layout-flex wp-container-core-columns-is-layout-bad5dd0e wp-block-columns-is-layout-flex\">\n<div class=\"wp-block-column is-layout-flow wp-container-core-column-is-layout-1284340a wp-block-column-is-layout-flow\" style=\"padding-right:10px;padding-left:10px;flex-basis:60%\">\n<div class=\"wp-block-group is-content-justification-left is-layout-constrained wp-container-core-group-is-layout-aaf2b7b1 wp-block-group-is-layout-constrained\" style=\"padding-bottom:10px\">\n<h6 class=\"wp-block-heading has-text-color has-link-color wp-elements-8af2ad19ed6900cefeaccae3b7bc2adb\" style=\"color:#959e95;font-size:0.9rem;font-style:normal;font-weight:500\"><\/h6>\n\n\n\n<h2 class=\"wp-block-heading has-text-color has-link-color has-hedvig-letters-serif-regular-font-family wp-elements-20fca6bd682d1b4816b4cd3da53a86a0\" style=\"color:#242925;font-size:2.6rem\">ORGONITES<\/h2>\n\n\n\n<h2 class=\"wp-block-heading has-large-font-size\">POSE &amp; ACTIVATION D&rsquo;ORGONITES :<\/h2>\n\n\n\n<p style=\"margin-top:30px\">M\u00eame si on se sent plut\u00f4t bien dans un lieu, on peut gagner encore davantage en \u00e9nergie. Apr\u00e8s correction de certaines choses le cas \u00e9ch\u00e9ant, je suis amen\u00e9 \u00e0 poser et activer une orgonite en forme de pyramide (aux proportions de la pyramide de Kh\u00e9ops), qui vient alors augmenter sensiblement le taux vibratoire du lieu et qui vient apporter des choses bien sp\u00e9cifiques \u00e0 tous les occupants.<\/p>\n\n\n\n<p style=\"margin-top:30px\">Voici quelques photos :<\/p>\n<\/div>\n<\/div>\n\n\n\n<div class=\"wp-block-column is-layout-flow wp-block-column-is-layout-flow\" style=\"padding-right:10px;padding-left:10px;flex-basis:40%\">\n<figure class=\"wp-block-image size-full has-custom-border\"><img loading=\"lazy\" decoding=\"async\" width=\"1165\" height=\"1045\" src=\"http:\/\/frequen-ciel.com\/wp-content\/uploads\/2025\/05\/15.jpg\" alt=\"orgonite blanche\" class=\"wp-image-31\" style=\"border-radius:16px\" srcset=\"https:\/\/frequen-ciel.com\/wp-content\/uploads\/2025\/05\/15.jpg 1165w, https:\/\/frequen-ciel.com\/wp-content\/uploads\/2025\/05\/15-300x269.jpg 300w, https:\/\/frequen-ciel.com\/wp-content\/uploads\/2025\/05\/15-1024x919.jpg 1024w, https:\/\/frequen-ciel.com\/wp-content\/uploads\/2025\/05\/15-768x689.jpg 768w\" sizes=\"auto, (max-width: 1165px) 100vw, 1165px\" \/><\/figure>\n<\/div>\n<\/div>\n\n\n\n<div class=\"wp-block-group alignfull is-layout-constrained wp-container-core-group-is-layout-6c6e7e04 wp-block-group-is-layout-constrained\" style=\"margin-top:0;margin-bottom:0;padding-top:5.51rem;padding-right:2rem;padding-bottom:3rem;padding-left:2rem\">\n<div class=\"wp-block-group is-content-justification-left is-layout-constrained wp-container-core-group-is-layout-e6673fbd wp-block-group-is-layout-constrained\" style=\"margin-bottom:20px\">\n<h2 class=\"wp-block-heading has-text-color has-link-color has-hedvig-letters-serif-regular-font-family wp-elements-866a303616d47b725b0d1e938c7465f3\" style=\"color:#242925;font-size:2.45rem\">D&rsquo;ORGONITES QUE JE FAIS MOI-MEME: <\/h2>\n<\/div>\n\n\n\n<div class=\"wp-block-group alignwide is-layout-constrained wp-block-group-is-layout-constrained\" style=\"margin-top:1.01rem\">\n<div class=\"wp-block-columns alignwide is-layout-flex wp-container-core-columns-is-layout-c8164556 wp-block-columns-is-layout-flex\">\n<div class=\"wp-block-column is-content-justification-center is-layout-constrained wp-container-core-column-is-layout-412b4476 wp-block-column-is-layout-constrained\" style=\"padding-bottom:2rem\">\n<div class=\"wp-block-group alignfull is-layout-constrained wp-container-core-group-is-layout-d47d106a wp-block-group-is-layout-constrained\">\n<figure class=\"wp-block-image aligncenter size-full is-resized has-custom-border\"><img loading=\"lazy\" decoding=\"async\" width=\"1280\" height=\"1140\" src=\"http:\/\/frequen-ciel.com\/wp-content\/uploads\/2025\/05\/12.jpg\" alt=\"orgonite violette\" class=\"wp-image-28\" style=\"border-radius:16px;aspect-ratio:1;object-fit:cover;width:400px\" srcset=\"https:\/\/frequen-ciel.com\/wp-content\/uploads\/2025\/05\/12.jpg 1280w, https:\/\/frequen-ciel.com\/wp-content\/uploads\/2025\/05\/12-300x267.jpg 300w, https:\/\/frequen-ciel.com\/wp-content\/uploads\/2025\/05\/12-1024x912.jpg 1024w, https:\/\/frequen-ciel.com\/wp-content\/uploads\/2025\/05\/12-768x684.jpg 768w\" sizes=\"auto, (max-width: 1280px) 100vw, 1280px\" \/><\/figure>\n\n\n\n<h6 class=\"wp-block-heading has-text-align-left has-text-color has-hedvig-letters-serif-regular-font-family\" style=\"color:#242925;font-size:1.24rem;line-height:1.4;text-decoration:none;text-transform:capitalize\"><\/h6>\n<\/div>\n<\/div>\n\n\n\n<div class=\"wp-block-column is-layout-constrained wp-container-core-column-is-layout-a3af4fe5 wp-block-column-is-layout-constrained\" style=\"padding-bottom:2rem\">\n<div class=\"wp-block-group alignfull is-layout-constrained wp-container-core-group-is-layout-d47d106a wp-block-group-is-layout-constrained\">\n<figure class=\"wp-block-image aligncenter size-full is-resized has-custom-border\"><img loading=\"lazy\" decoding=\"async\" width=\"1280\" height=\"1185\" src=\"http:\/\/frequen-ciel.com\/wp-content\/uploads\/2025\/05\/14.jpg\" alt=\"orgonite verte\" class=\"wp-image-30\" style=\"border-radius:16px;aspect-ratio:1;object-fit:cover;width:400px\" srcset=\"https:\/\/frequen-ciel.com\/wp-content\/uploads\/2025\/05\/14.jpg 1280w, https:\/\/frequen-ciel.com\/wp-content\/uploads\/2025\/05\/14-300x278.jpg 300w, https:\/\/frequen-ciel.com\/wp-content\/uploads\/2025\/05\/14-1024x948.jpg 1024w, https:\/\/frequen-ciel.com\/wp-content\/uploads\/2025\/05\/14-768x711.jpg 768w\" sizes=\"auto, (max-width: 1280px) 100vw, 1280px\" \/><\/figure>\n\n\n\n<h6 class=\"wp-block-heading has-text-align-left has-text-color has-hedvig-letters-serif-regular-font-family\" style=\"color:#242925;font-size:1.24rem;line-height:1.4;text-decoration:none;text-transform:capitalize\"><\/h6>\n<\/div>\n<\/div>\n\n\n\n<div class=\"wp-block-column is-content-justification-center is-layout-constrained wp-container-core-column-is-layout-412b4476 wp-block-column-is-layout-constrained\" style=\"padding-bottom:2rem\">\n<div class=\"wp-block-group alignfull is-layout-constrained wp-container-core-group-is-layout-d47d106a wp-block-group-is-layout-constrained\">\n<figure class=\"wp-block-image aligncenter size-full is-resized has-custom-border\"><img loading=\"lazy\" decoding=\"async\" width=\"1280\" height=\"1239\" src=\"http:\/\/frequen-ciel.com\/wp-content\/uploads\/2025\/05\/10.jpg\" alt=\"\" class=\"wp-image-26\" style=\"border-radius:16px;aspect-ratio:1;object-fit:cover;width:400px\" srcset=\"https:\/\/frequen-ciel.com\/wp-content\/uploads\/2025\/05\/10.jpg 1280w, https:\/\/frequen-ciel.com\/wp-content\/uploads\/2025\/05\/10-300x290.jpg 300w, https:\/\/frequen-ciel.com\/wp-content\/uploads\/2025\/05\/10-1024x991.jpg 1024w, https:\/\/frequen-ciel.com\/wp-content\/uploads\/2025\/05\/10-768x743.jpg 768w\" sizes=\"auto, (max-width: 1280px) 100vw, 1280px\" \/><\/figure>\n\n\n\n<h6 class=\"wp-block-heading has-text-align-left has-text-color has-hedvig-letters-serif-regular-font-family\" style=\"color:#242925;font-size:1.24rem;line-height:1.4;text-decoration:none;text-transform:capitalize\"><\/h6>\n<\/div>\n<\/div>\n<\/div>\n<\/div>\n<\/div>\n\n\n\n<div class=\"wp-block-columns is-layout-flex wp-container-core-columns-is-layout-28f84493 wp-block-columns-is-layout-flex\">\n<div class=\"wp-block-column is-layout-flow wp-block-column-is-layout-flow\">\n<figure class=\"wp-block-image size-large\"><img loading=\"lazy\" decoding=\"async\" width=\"1024\" height=\"909\" src=\"http:\/\/frequen-ciel.com\/wp-content\/uploads\/2025\/05\/13-1024x909.jpg\" alt=\"\" class=\"wp-image-29\" style=\"aspect-ratio:1;object-fit:cover\" srcset=\"https:\/\/frequen-ciel.com\/wp-content\/uploads\/2025\/05\/13-1024x909.jpg 1024w, https:\/\/frequen-ciel.com\/wp-content\/uploads\/2025\/05\/13-300x266.jpg 300w, https:\/\/frequen-ciel.com\/wp-content\/uploads\/2025\/05\/13-768x682.jpg 768w, https:\/\/frequen-ciel.com\/wp-content\/uploads\/2025\/05\/13.jpg 1280w\" sizes=\"auto, (max-width: 1024px) 100vw, 1024px\" \/><\/figure>\n<\/div>\n\n\n\n<div class=\"wp-block-column is-layout-flow wp-block-column-is-layout-flow\">\n<figure class=\"wp-block-image size-large\"><img loading=\"lazy\" decoding=\"async\" width=\"1024\" height=\"872\" src=\"http:\/\/frequen-ciel.com\/wp-content\/uploads\/2025\/05\/11-1024x872.jpg\" alt=\"\" class=\"wp-image-27\" style=\"aspect-ratio:1;object-fit:cover\" srcset=\"https:\/\/frequen-ciel.com\/wp-content\/uploads\/2025\/05\/11-1024x872.jpg 1024w, https:\/\/frequen-ciel.com\/wp-content\/uploads\/2025\/05\/11-300x255.jpg 300w, https:\/\/frequen-ciel.com\/wp-content\/uploads\/2025\/05\/11-768x654.jpg 768w, https:\/\/frequen-ciel.com\/wp-content\/uploads\/2025\/05\/11.jpg 1280w\" sizes=\"auto, (max-width: 1024px) 100vw, 1024px\" \/><\/figure>\n<\/div>\n\n\n\n<div class=\"wp-block-column is-layout-flow wp-block-column-is-layout-flow\">\n<figure class=\"wp-block-image size-large\"><img loading=\"lazy\" decoding=\"async\" width=\"1024\" height=\"875\" src=\"http:\/\/frequen-ciel.com\/wp-content\/uploads\/2025\/05\/09-1024x875.jpg\" alt=\"\" class=\"wp-image-25\" style=\"aspect-ratio:1;object-fit:cover\" srcset=\"https:\/\/frequen-ciel.com\/wp-content\/uploads\/2025\/05\/09-1024x875.jpg 1024w, https:\/\/frequen-ciel.com\/wp-content\/uploads\/2025\/05\/09-300x256.jpg 300w, https:\/\/frequen-ciel.com\/wp-content\/uploads\/2025\/05\/09-768x656.jpg 768w, https:\/\/frequen-ciel.com\/wp-content\/uploads\/2025\/05\/09.jpg 1280w\" sizes=\"auto, (max-width: 1024px) 100vw, 1024px\" \/><\/figure>\n<\/div>\n<\/div>\n\n\n\n<div class=\"wp-block-columns is-layout-flex wp-container-core-columns-is-layout-28f84493 wp-block-columns-is-layout-flex\">\n<div class=\"wp-block-column is-layout-flow wp-block-column-is-layout-flow\">\n<figure class=\"wp-block-image size-large\"><img loading=\"lazy\" decoding=\"async\" width=\"1024\" height=\"877\" src=\"http:\/\/frequen-ciel.com\/wp-content\/uploads\/2025\/05\/07-1024x877.jpg\" alt=\"\" class=\"wp-image-22\" style=\"aspect-ratio:1;object-fit:cover\" srcset=\"https:\/\/frequen-ciel.com\/wp-content\/uploads\/2025\/05\/07-1024x877.jpg 1024w, https:\/\/frequen-ciel.com\/wp-content\/uploads\/2025\/05\/07-300x257.jpg 300w, https:\/\/frequen-ciel.com\/wp-content\/uploads\/2025\/05\/07-768x658.jpg 768w, https:\/\/frequen-ciel.com\/wp-content\/uploads\/2025\/05\/07.jpg 1280w\" sizes=\"auto, (max-width: 1024px) 100vw, 1024px\" \/><\/figure>\n<\/div>\n\n\n\n<div class=\"wp-block-column is-layout-flow wp-block-column-is-layout-flow\">\n<figure class=\"wp-block-image size-large\"><img loading=\"lazy\" decoding=\"async\" width=\"1024\" height=\"727\" src=\"http:\/\/frequen-ciel.com\/wp-content\/uploads\/2025\/05\/071-1024x727.jpg\" alt=\"\" class=\"wp-image-23\" style=\"aspect-ratio:1;object-fit:cover\" srcset=\"https:\/\/frequen-ciel.com\/wp-content\/uploads\/2025\/05\/071-1024x727.jpg 1024w, https:\/\/frequen-ciel.com\/wp-content\/uploads\/2025\/05\/071-300x213.jpg 300w, https:\/\/frequen-ciel.com\/wp-content\/uploads\/2025\/05\/071-768x545.jpg 768w, https:\/\/frequen-ciel.com\/wp-content\/uploads\/2025\/05\/071-1536x1090.jpg 1536w, https:\/\/frequen-ciel.com\/wp-content\/uploads\/2025\/05\/071.jpg 1575w\" sizes=\"auto, (max-width: 1024px) 100vw, 1024px\" \/><\/figure>\n<\/div>\n\n\n\n<div class=\"wp-block-column is-layout-flow wp-block-column-is-layout-flow\">\n<figure class=\"wp-block-image size-large\"><img loading=\"lazy\" decoding=\"async\" width=\"1024\" height=\"1014\" src=\"http:\/\/frequen-ciel.com\/wp-content\/uploads\/2025\/05\/06-1024x1014.jpg\" alt=\"\" class=\"wp-image-20\" srcset=\"https:\/\/frequen-ciel.com\/wp-content\/uploads\/2025\/05\/06-1024x1014.jpg 1024w, https:\/\/frequen-ciel.com\/wp-content\/uploads\/2025\/05\/06-300x297.jpg 300w, https:\/\/frequen-ciel.com\/wp-content\/uploads\/2025\/05\/06-150x150.jpg 150w, https:\/\/frequen-ciel.com\/wp-content\/uploads\/2025\/05\/06-768x760.jpg 768w, https:\/\/frequen-ciel.com\/wp-content\/uploads\/2025\/05\/06.jpg 1280w\" sizes=\"auto, (max-width: 1024px) 100vw, 1024px\" \/><\/figure>\n<\/div>\n<\/div>\n\n\n\n<div class=\"wp-block-columns is-layout-flex wp-container-core-columns-is-layout-28f84493 wp-block-columns-is-layout-flex\">\n<div class=\"wp-block-column is-layout-flow wp-block-column-is-layout-flow\">\n<figure class=\"wp-block-image size-large\"><img loading=\"lazy\" decoding=\"async\" width=\"1024\" height=\"842\" src=\"http:\/\/frequen-ciel.com\/wp-content\/uploads\/2025\/05\/04-1024x842.jpg\" alt=\"\" class=\"wp-image-16\" style=\"aspect-ratio:1;object-fit:cover\" srcset=\"https:\/\/frequen-ciel.com\/wp-content\/uploads\/2025\/05\/04-1024x842.jpg 1024w, https:\/\/frequen-ciel.com\/wp-content\/uploads\/2025\/05\/04-300x247.jpg 300w, https:\/\/frequen-ciel.com\/wp-content\/uploads\/2025\/05\/04-768x631.jpg 768w, https:\/\/frequen-ciel.com\/wp-content\/uploads\/2025\/05\/04.jpg 1280w\" sizes=\"auto, (max-width: 1024px) 100vw, 1024px\" \/><\/figure>\n<\/div>\n\n\n\n<div class=\"wp-block-column is-layout-flow wp-block-column-is-layout-flow\">\n<figure class=\"wp-block-image size-large\"><img loading=\"lazy\" decoding=\"async\" width=\"1024\" height=\"766\" src=\"http:\/\/frequen-ciel.com\/wp-content\/uploads\/2025\/05\/03-1024x766.jpg\" alt=\"\" class=\"wp-image-14\" style=\"aspect-ratio:1;object-fit:cover\" srcset=\"https:\/\/frequen-ciel.com\/wp-content\/uploads\/2025\/05\/03-1024x766.jpg 1024w, https:\/\/frequen-ciel.com\/wp-content\/uploads\/2025\/05\/03-300x225.jpg 300w, https:\/\/frequen-ciel.com\/wp-content\/uploads\/2025\/05\/03-768x575.jpg 768w, https:\/\/frequen-ciel.com\/wp-content\/uploads\/2025\/05\/03.jpg 1280w\" sizes=\"auto, (max-width: 1024px) 100vw, 1024px\" \/><\/figure>\n<\/div>\n\n\n\n<div class=\"wp-block-column is-layout-flow wp-block-column-is-layout-flow\">\n<figure class=\"wp-block-image size-large\"><img loading=\"lazy\" decoding=\"async\" width=\"1024\" height=\"995\" src=\"http:\/\/frequen-ciel.com\/wp-content\/uploads\/2025\/05\/02-1024x995.jpg\" alt=\"\" class=\"wp-image-12\" style=\"aspect-ratio:1;object-fit:cover\" srcset=\"https:\/\/frequen-ciel.com\/wp-content\/uploads\/2025\/05\/02-1024x995.jpg 1024w, https:\/\/frequen-ciel.com\/wp-content\/uploads\/2025\/05\/02-300x292.jpg 300w, https:\/\/frequen-ciel.com\/wp-content\/uploads\/2025\/05\/02-768x746.jpg 768w, https:\/\/frequen-ciel.com\/wp-content\/uploads\/2025\/05\/02.jpg 1280w\" sizes=\"auto, (max-width: 1024px) 100vw, 1024px\" \/><\/figure>\n<\/div>\n<\/div>\n<\/div>\n\n\n\n<div class=\"wp-block-columns is-layout-flex wp-container-core-columns-is-layout-28f84493 wp-block-columns-is-layout-flex\">\n<div class=\"wp-block-column is-layout-flow wp-block-column-is-layout-flow\" style=\"flex-basis:100%\">\n<figure class=\"wp-block-image size-large\"><img loading=\"lazy\" decoding=\"async\" width=\"1024\" height=\"695\" src=\"http:\/\/frequen-ciel.com\/wp-content\/uploads\/2025\/05\/01-1024x695.jpg\" alt=\"\" class=\"wp-image-10\" srcset=\"https:\/\/frequen-ciel.com\/wp-content\/uploads\/2025\/05\/01-1024x695.jpg 1024w, https:\/\/frequen-ciel.com\/wp-content\/uploads\/2025\/05\/01-300x204.jpg 300w, https:\/\/frequen-ciel.com\/wp-content\/uploads\/2025\/05\/01-768x521.jpg 768w, https:\/\/frequen-ciel.com\/wp-content\/uploads\/2025\/05\/01.jpg 1280w\" sizes=\"auto, (max-width: 1024px) 100vw, 1024px\" \/><\/figure>\n<\/div>\n<\/div>\n<\/div><\/div>\n\n\n\n<p><\/p>\n","protected":false},"excerpt":{"rendered":"","protected":false},"author":1,"featured_media":0,"parent":0,"menu_order":0,"comment_status":"closed","ping_status":"closed","template":"","meta":{"footnotes":""},"class_list":["post-54","page","type-page","status-publish","hentry"],"_links":{"self":[{"href":"https:\/\/frequen-ciel.com\/index.php\/wp-json\/wp\/v2\/pages\/54","targetHints":{"allow":["GET"]}}],"collection":[{"href":"https:\/\/frequen-ciel.com\/index.php\/wp-json\/wp\/v2\/pages"}],"about":[{"href":"https:\/\/frequen-ciel.com\/index.php\/wp-json\/wp\/v2\/types\/page"}],"author":[{"embeddable":true,"href":"https:\/\/frequen-ciel.com\/index.php\/wp-json\/wp\/v2\/users\/1"}],"replies":[{"embeddable":true,"href":"https:\/\/frequen-ciel.com\/index.php\/wp-json\/wp\/v2\/comments?post=54"}],"version-history":[{"count":1,"href":"https:\/\/frequen-ciel.com\/index.php\/wp-json\/wp\/v2\/pages\/54\/revisions"}],"predecessor-version":[{"id":55,"href":"https:\/\/frequen-ciel.com\/index.php\/wp-json\/wp\/v2\/pages\/54\/revisions\/55"}],"wp:attachment":[{"href":"https:\/\/frequen-ciel.com\/index.php\/wp-json\/wp\/v2\/media?parent=54"}],"curies":[{"name":"wp","href":"https:\/\/api.w.org\/{rel}","templated":true}]}}